 -3*l**3 - l**2 + 2*l - 3. What is the remainder when g(-3) is divided by w?
15
Let g(o) = 20*o**2 - 56*o + 56. Let t(f) = -f**3 - f**2 - 3*f. Let a be t(-4). Suppose -a = -2*n + 54. Calculate the remainder when n is divided by g(1).
17
Let s = 143 + 260. Calculate the remainder when s is divided by 102.
97
Let q(n) be the third derivative of n**6/120 - n**5/5 - n**4/3 + n**3/3 - 36*n**2. Calculate the remainder when q(13) is divided by 10.
7
Let b be 4 - 38/9 - 266/18. Let i(z) = -4*z + 1. Calculate the remainder when (-2)/((-43)/b + -3) is divided by i(-2).
6
Let x = 517 - 515. Calculate the remainder when 41 is divided by x.
1
Let r(u) = -10*u - 15. Calculate the remainder when 35 is divided by r(-3).
5
Let l = 49 - -16. Suppose -94*k + 95*k + 75 = 0. Let g = -53 - k. Calculate the remainder when l is divided by g.
21
Let j = -20 - -153. Calculate the remainder when j is divided by 39.
16
Let p(m) = -m**3 - 5*m**2 + 4*m + 7. Suppose 5*a - 20 = 5*i, -2*i + i + 4*a + 2 = 0. Suppose 3*f - 216 = -f. What is the remainder when f is divided by p(i)?
16
Suppose -n = 3*v - 33, -5*n - 17 = -2. Suppose 2*k + 107 = 3*d - 38, 2*d + 5*k = 65. Calculate the remainder when d is divided by v.
9
Calculate the remainder when 86 + 2 + (-9)/3 + 1 is divided by 42.
2
Let c = -13 + 15. Suppose 5*i = 2*p + 45, -5*i - p = -c*p - 40. What is the remainder when 67 is divided by i?
4
Suppose 0 = -5*j - 3*n - 241, -3*j - 41 = -2*j - 3*n. Let t = 150 + j. Calculate the remainder when t is divided by 13.
12
Let t = 34 + -19. Let g = -254 - -273. Calculate the remainder when g is divided by 24/5 - (-3)/t.
4
Suppose -4*g = -u - 51, -3*g + 0*u = 3*u - 57. Let x be 1*(g + -2 + 3). Suppose -4*y - x = -7*y. What is the remainder when 8 is divided by y?
3
Let m(q) = 3*q + 15*q**2 + q**3 - q**2 - 15 - 5*q + 0*q. Suppose 3*c + 27 = -15. What is the remainder when 38 is divided by m(c)?
12
Let m(v) = 826*v**2 - 1. Let o be m(-1). Suppose -4*c + 0*n + o = -5*n, -3*c - 3*n = -585. Let u = c + -109. What is the remainder when u is divided by 23?
22
Let q = -1064 + 1085. Let m(i) = -i**3 - 4*i**2 + 4*i + 1. Calculate the remainder when q is divided by m(-5).
3
Let k(r) = -7*r + 76. What is the remainder when 214 is divided by k(10)?
4
Suppose -9*i + 7*i + 164 = 0. What is the remainder when i is divided by 28?
26
Let w(c) be the second derivative of -3*c + 0 - 2*c**2 + 1/12*c**4 - 7/6*c**3. What is the remainder when 10 is divided by w(8)?
2
Suppose 1 + 0 = -k. Calculate the remainder when 25 is divided by (2/k)/(32/(-144)).
7
Let o be 1/(-5) + (-48)/(-15). Let h(p) = 6*p - 28. Let w be h(9). Suppose o*t + w = 176. Calculate the remainder when t is divided by 13.
11
Let a(z) = -2*z**3 - 57*z**2 - 31*z - 63. Calculate the remainder when 36 is divided by a(-28).
15
Suppose 13*d = 17*d - 92. Let x = -8 + d. Calculate the remainder when 59 is divided by x.
14
Let d(q) = 31*q**2 + q. Let t = -3 - -8. Suppose 20 = -k + 3*k + 4*y, t*k + y - 41 = 0. What is the remainder when d(-1) is divided by k?
6
Suppose -n - 138 = -141. Suppose 0 = -2*a - 3*f + 312, -5*f = n*a + 39 - 506. Calculate the remainder when a is divided by 41.
36
Let y(c) = -c**2 + 64*c - 359. Calculate the remainder when y(21) is divided by 26.
24
Let n(d) = -d**3 + 8*d**2 - 5*d - 2. Suppose -4*j + 26 + 2 = 0. Let g be n(j). Let f = g + -3. What is the remainder when 26 is divided by f?
8
Let q(u) = 54*u - 6. Let b(p) = 270*p - 31. Let g(f) = -2*b(f) + 11*q(f). What is the remainder when g(3) is divided by 40?
38
Calculate the remainder when (-3)/(15/(-35)) - -127 is divided by 23.
19
Suppose 0 = -5*c + j + 177, 2*j = -2*c + 20 + 46. What is the remainder when c is divided by (4/8)/(1/36)?
17
Let m(b) = b**3 - 10*b**2 - 9. Let c be m(10). Let w = 16 + c. Suppose -16 = 2*x - 4*x - 2*p, 3*x + 5*p = 16. Calculate the remainder when x is divided by w.
5
Suppose a = -9 + 11, a - 52 = -5*n. Let w = 7 - -12. Calculate the remainder when w is divided by n.
9
Suppose 4*k - 25 = 6*k + 5*v, 4*k = 3*v + 15. Suppose k = q + 6*q - 1386. What is the remainder when q is divided by 40?
38
Suppose 0 = -3*m + 3*r - 0*r - 114, -m - 36 = -2*r. Let v = -27 - m. What is the remainder when 2 + 2 + v + 1 is divided by 10?
8
Let d = 180 - 110. What is the remainder when 138 is divided by d?
68
Let i(o) = 33*o**2 + o. Let f be -3*(-8)/6 - 4. Suppose f = -l + 4*n - 9, 0 = 4*l + n + n - 36. Calculate the remainder when i(1) is divided by l.
6
Suppose 0 = -549*j + 536*j + 182. What is the remainder when 430 is divided by j?
10
Calculate the remainder when (-221)/(-2) - 14/28 is divided by 28.
26
Calculate the remainder when 60 is divided by ((-385)/(-330))/((-1)/(-30)).
25
Let f = 144 + -103. Calculate the remainder when (-12)/(30/(-108)*8/30) is divided by f.
39
Calculate the remainder when (107/(-3))/((-8)/168) is divided by 29.
24
Suppose 5*q + 9 = 44. Suppose v + 0 + 5 = 0. What is the remainder when q is divided by (-28)/v + (-15)/25?
2
Let k = 20 + 10. Let l = 39 - k. Calculate the remainder when 43 is divided by l.
7
Suppose w - 116 = z, -3*z = 3*w - 4*z - 342. What is the remainder when w is divided by 30?
23
Let w(p) = 105*p**2 + 27*p - 27. Calculate the remainder when w(1) is divided by 12.
9
Suppose 14*u - 41 = 1. Suppose -u*m = -5*x - 102 + 369, -5*x - 5*m + 275 = 0. What is the remainder when x is divided by 28?
26
Suppose -6163*f + 6157*f + 378 = 0. What is the remainder when f is divided by ((-27)/(-2))/((-15)/(-20))?
9
Suppose 0 = -2*x + g + 48, 4*x + 3*g = 7*x - 75. Calculate the remainder when 36 is divided by x.
13
Let j(f) = 4*f**2 + 2*f + 4. Let h be (4 + -2)*13/(-2). Let s(x) = x**2 + 11*x - 14. What is the remainder when j(3) is divided by s(h)?
10
What is the remainder when (-11 - 2)/((-10)/120) is divided by 32?
28
Let n = -167 + 180. What is the remainder when 413 is divided by n?
10
Let f = 74 - 40. Calculate the remainder when 94 is divided by f.
26
Suppose -73*z + 74*z - 18 = 0. Calculate the remainder when (15/6 - 2)*172 is divided by z.
14
Suppose -2*r + 4*q = -108, -3*r - 5*q = -163 - 21. Calculate the remainder when r is divided by 15.
13
Let x(i) = i**3 - 8*i**2 - 11*i - 29. Let l be x(12). Suppose 53*k = 48*k + l. Calculate the remainder when k is divided by 43.
40
Let n be 3 + 1 + -1 + 9. Suppose -3*c = -c - 4*p - n, 4*c + 2*p = -16. Calculate the remainder when 3 + -1 - 46/c is divided by 14.
11
Suppose 5*d = -q + 71, -16*d + 13*d = -q - 49. What is the remainder when (16/6)/((-16)/(-264)) is divided by d?
14
Suppose 0 = -14*p + 3*p + 176. Suppose y + w - 5 = -2, -y - 5*w = 9. What is the remainder when p is divided by y?
4
Let z be (-24)/12*2/(1/1). Let s(q) = 5*q**2 + 7*q + 1. What is the remainder when 103 is divided by s(z)?
50
Suppose 0 = p + 3*p - 8. Let s be (-3 - (-4 + 2))*-6. Suppose -5*z = -s*z + 1. Calculate the remainder when p is divided by z.
0
Let u = -62 - -89. Let x = u - 14. What is the remainder when x is divided by 4 + 1 + (-1)/1?
1
What is the remainder when (2/12 + 1/3)*38 is divided by 7?
5
Let i = -29 - -50. Calculate the remainder when 12/(-18)*(-117)/2 is divided by i.
18
Let z = -148 + 213. Suppose -z = -f - 4*f. Let b = 28 - f. What is the remainder when 29 is divided by b?
14
What is the remainder when 1 + 120 + -4 + (-5 - -4) is divided by 30?
26
Suppose -9*d = -8*d - 11. Calculate the remainder when 211/d - 10/55 is divided by 10.
9
Suppose 4*d + 20 = 4. Let v be (-15)/(-6) + 6/d. Let q = v + 10. What is the remainder when 31 is divided by q?
9
Let x(k) = -k**3 + 5*k**2 + 3*k - 2. Let a be (-19 - -15 - (0 - 0))/1. What is the remainder when x(a) is divided by 19?
16
Suppose -120 = -4*i + 4*p, 3*i + 2*p - 125 = -2*p. What is the remainder when 93 is divided by i?
23
Let s = -34 + 84. Suppose -b - s = -6*b + 5*g, 0 = -3*b + 4*g + 32. Calculate the remainder when 33 is divided by b.
1
Let z(w) = -w**2 + 14*w + 9. Suppose -n + 2*q = -10, -4*n = -3*q - 11 - 14. Suppose n*f - 5*f = -14. Calculate the remainder when 24 is divided by z(f).
6
Suppose 69 + 59 = 4*j. Suppose -12*s = -16*s + j. Let p(u) = 9*u - 4. What is the remainder when p(3) is divided by s?
7
Let d(h) = 1. Let i(m) = -m**2 - 6*m + 3. Let n(x) = -3*d(x) + i(x). What is the remainder when 24/18*((-117)/(-2))/3 is divided by n